on divisor of h and k.
7
Let d(l) = -11*l**2 - l. Let h be d(1). Let y = h - -21. Suppose 0 = 5*m + 6*c - 99 - 21, -49*c + 44*c + 75 = 0. What is the greatest common divisor of y and m?
3
Let c(r) = 4*r**2 - 329*r + 210. Let f be c(85). What is the greatest common factor of 1603 and f?
229
Suppose -17442 - 9936 = -81*z. What is the greatest common divisor of 27547 and z?
169
Let t(c) = -382*c + 5827. Let g be t(-30). Calculate the greatest common divisor of 59 and g.
59
Let p(n) = n**2 - 3*n + 2. Suppose 0 = 2*r + 11 + 5. Let x be p(r). Suppose i + i = x. What is the highest common divisor of i and 18?
9
Suppose -96*y = -100*y + 1688. Suppose -a + y = f - 4*a, 2*f + a = 809. What is the greatest common factor of 37 and f?
37
Let o = 124 + -131. Let s(h) = h + 25. Let y be s(o). Calculate the highest common divisor of 27 and y.
9
Let u(f) = -f**2 - 10*f + 2. Let x be u(-10). Suppose 0 = 2*q - t - 107, 33*q - 112 = 31*q - 4*t. Calculate the greatest common factor of x and q.
2
Let m(i) = 2531*i - 1950. Let j be m(4). Calculate the highest common divisor of j and 244.
122
Suppose 8*o - 11*o - 6 + 102 = 0. Calculate the highest common divisor of 50 and o.
2
Suppose 3258 = 16*p - 3398. What is the greatest common factor of p and 152?
8
Let i(x) = -x**3 - 7*x**2 + x + 9. Let c be i(-7). Let r be c/(-6) + 6*224/36. Calculate the highest common divisor of 222 and r.
37
Suppose 0 = 47*u - 57*u - 72*u + 146124. Calculate the highest common divisor of 506 and u.
22
Let g = 21 + -32. Let o(v) = v**2 + 8*v + 47. Let j be o(g). Calculate the highest common divisor of j and 25.
5
Suppose -2*f - s - 220 = 0, -f = -2*s - 48 + 158. Let z = f - -149. Calculate the highest common factor of z and 78.
39
Let w = 1383 + -1371. Let x(f) = f - 2. Let c be x(0). Let m be (0 + -3 - c)*-132. Calculate the greatest common divisor of m and w.
12
Let m be 23*12/(-10)*80/(-24). Suppose -i + 5*i = -5*o + m, o = i + 13. Suppose 4*g = -o, 3*g - 47 = -4*w - 15. What is the highest common factor of w and 33?
11
Let h(x) = 71*x - 66. Let o be h(4). Let g = o - 208. What is the greatest common divisor of 730 and g?
10
Suppose 7763*n - 84 = 7736*n + 5478. What is the greatest common factor of n and 20806?
206
Let a = -507 + 1939. Calculate the highest common divisor of 24 and a.
8
Let o = 37411 + -24048. What is the highest common factor of 161 and o?
161
Suppose 0 = -0*z - 2*z + 5*v + 7567, 4*v - 11362 = -3*z. What is the greatest common divisor of z and 6?
6
Suppose 2*z - 311 - 7 = 0. What is the highest common divisor of z and 53?
53
Let t = 51 + -48. Suppose -3*r = -3*c + 4*c - 1, -c + t = 5*r. Calculate the highest common factor of r and 4.
1
Let r = -13925 - -13932. What is the greatest common divisor of r and 11081?
7
Let k = 31 + -9. Suppose k = d - 94. Suppose -d + 44 = -6*g. Calculate the highest common divisor of 132 and g.
12
Suppose 28*k + 80 = 18*k. Let c be k + 1 + 2 + 56. What is the highest common divisor of 85 and c?
17
Suppose 2*n = 2*u - 4250 - 4646, n - 4456 = -u. What is the highest common factor of u and 63?
21
Let p be -2 + 64168/84 - (-2 + (-360)/(-189)). What is the greatest common factor of 4826 and p?
254
Suppose 1662 = -8400*n + 8406*n - 132. Suppose -5*k - 2*h = -349, -4*k + 6*k - h - 136 = 0. What is the greatest common divisor of k and n?
23
Suppose 5*c + 2*c - 7 = 0. Let h be c/(6*(-1)/(-84)). Calculate the greatest common divisor of 2 and h.
2
Suppose -3*i - 5*u = -156, 11*u = 2*i + 7*u - 104. Calculate the greatest common divisor of i and 4888.
52
Let y be (14/10 + -1)/((-32)/(-3360)). Suppose g - 5*m - 130 = -y, g = -3*m + 104. Calculate the highest common divisor of g and 28.
14
Suppose 0 = 3*p - 46 - 92. Suppose 4*q - 2*q - 3*u = -227, -4*u = -q - 101. Let b = -52 - q. What is the highest common divisor of b and p?
23
Suppose -19 = -u + 76. Let p be (-1)/((-14)/(-1634)) + 6/(-21). Let y be (1/(-3))/(1/p) + -1. What is the greatest common factor of y and u?
19
Let z(b) = -b**2 - 10*b - 21. Let c be z(-7). Suppose 2*i - 4*t - 196 = 0, -419 = -4*i - c*t - t. Calculate the greatest common divisor of i and 13.
13
Let v be 16/(-160)*-255 + (-3)/(-2). What is the highest common divisor of v and 513?
27
Let k be (-2 + (-159)/6 + 1)*-2. Suppose 2*b - 40 = 114. Calculate the highest common divisor of k and b.
11
Suppose 0 = 101*q - 2958 - 9970. What is the greatest common divisor of 1568 and q?
32
Let n(x) = -2*x - 3. Let d be n(-3). Let j be (-8 + 149 + -9)/2. What is the greatest common factor of d and j?
3
Let m(c) = -9*c**3 + 10*c - 50. Let n be m(-7). What is the greatest common divisor of 207 and n?
69
Suppose 676 = -35*s + 34*s. Let c = s + 711. Let g(a) = -315*a**3 - a**2 - 2*a - 1. Let n be g(-1). Calculate the greatest common divisor of n and c.
35
Let c(i) = 284*i**3 - i**2 + 2. Let f be (-1)/(3*2/(-6)). Let p be c(f). Calculate the greatest common factor of 15 and p.
15
Suppose 29884 + 37106 = 110*k. What is the highest common divisor of 273 and k?
21
Let m(k) = -76*k - 39 - 61*k - 11*k**2 + 117*k - 14*k**3 + 15*k**3. Let i be m(13). Calculate the highest common factor of i and 104.
13
Suppose -23 - 39 = -4*i + 50. Calculate the greatest common divisor of 27482 and i.
14
Let l(h) = 6*h**3 - 42*h**2 - 4*h + 12. Let v be l(8). Calculate the greatest common divisor of v and 532.
28
Suppose -5*b = 4*c + 256, 5*b = -3*c - 0*b - 197. Let w = 59 + c. Suppose 2 = -5*u - 3*d - w, 3*u + d = 2. Calculate the greatest common divisor of 4 and u.
2
Let v(a) = 3*a**2 - 12*a + 4. Let y be v(4). Let m be (y + -8)*(-9)/4. Suppose m = u - 18. What is the highest common factor of u and 297?
27
Let w be (-141071)/(-15) - (-2048)/7680. Calculate the highest common divisor of w and 15.
15
Let j(z) = 30*z + 1. Let f(b) = 29*b. Let t(n) = 5*f(n) - 6*j(n). Let g be t(-14). Let y = 722 - g. Calculate the highest common factor of 14 and y.
14
Let f = -57 - 160. Let w = f + 248. Calculate the highest common divisor of 527 and w.
31
Let s = 18896 - 18749. Calculate the highest common divisor of 1302 and s.
21
Let c = -66 + 113. Let x = -330 - -333. Suppose 5*z + 37 + 79 = 3*n, x*n - 121 = 4*z. Calculate the highest common factor of c and n.
47
Let q be 218 - (6*(-10)/(-360))/(1/12). What is the highest common factor of 3312 and q?
72
Suppose -c + 4*c - 3*w - 36 = 0, c = -2*w - 3. Suppose c*p - 2296 = 3*p. What is the greatest common divisor of 41 and p?
41
Let y = -243 + 369. Let k = y - 86. Calculate the highest common factor of 300 and k.
20
Let g be 4/2 + 0 - 24867/(-9). Calculate the highest common factor of 35 and g.
35
Let k = 8181 + -7629. Suppose -33 = 2*g + 2*y - 165, 291 = 4*g - 5*y. Calculate the greatest common divisor of g and k.
69
Suppose -v - 690 = -2*f, -3*f + 934 = -5*v - 101. What is the highest common divisor of 115 and f?
115
Let j be (-150167)/(-276) + 46/24 + -2. Let m(h) = -h**3 - 5*h**2 - 5*h + 7. Let g be m(-5). What is the highest common divisor of j and g?
32
Let c be ((-11)/(-44)*-7)/((-7)/448). What is the greatest common divisor of c and 64?
16
Suppose -10*s - 6 = -o - 5*s, -10 = 5*s. Let y(h) = -2*h**3 - 5*h**2 - h + 4. Let u be y(o). Let x = -9 - -23. Calculate the greatest common divisor of x and u.
14
Let r be (-20)/90 - 16008/(-108). What is the greatest common divisor of r and 2516?
148
Let x be (6/(-11))/(152/(-10032)). Calculate the greatest common divisor of x and 99.
9
Suppose 40*z - 43*z - 4*c = -294, -372 = -4*z - 2*c. Calculate the highest common factor of z and 5445.
45
Let t = 9494 + -8966. What is the highest common factor of t and 110?
22
Let x(r) = 2*r**2 - 125*r - 1595. Let y be x(-15). Calculate the greatest common factor of 40 and y.
10
Let p be 1 + 0 + 0 + 5. Let a be 1/(-2)*(-190)/(-5). Let f = -10 - a. What is the highest common divisor of f and p?
3
Let s(v) = -2*v + 9. Let a be s(0). Let r be 7 + a/(-3) + 6. Calculate the greatest common factor of 45 and r.
5
Let a(c) = -2*c**2 - 18*c - 13. Let s be a(-8). Suppose l + 3*z - 5*z = 134, -s*l + 403 = -5*z. Calculate the greatest common divisor of 34 and l.
34
Suppose 4*p - 90 = -10. Let n = 1245 - 935. Let r = 320 - n. Calculate the greatest common divisor of p and r.
10
Suppose 0 = 5*m + 3*s - 1037, -3*m + 3*s - s = -607. Let j = m + -170. Let y be 2 - (7 + -2)/(-